, 71, 4163219
What are the prime factors of 2696573480?
2, 5, 19, 1229, 2887
List the prime factors of 6939347654.
2, 43, 80690089
List the prime factors of 80520514.
2, 1889, 21313
List the prime factors of 625149166.
2, 2707, 115469
List the prime factors of 84295347.
3, 661, 42509
What are the prime factors of 604929091?
13, 967, 48121
What are the prime factors of 211303245?
3, 5, 73, 192971
What are the prime factors of 53462238?
2, 3, 19, 468967
What are the prime factors of 18515049?
3, 7, 881669
List the prime factors of 1941622014.
2, 3, 109, 2968841
What are the prime factors of 2379220768?
2, 37, 347, 5791
What are the prime factors of 1175505651?
3, 37, 359, 9833
What are the prime factors of 1455881548?
2, 11, 29, 1140973
What are the prime factors of 507039941?
809, 626749
List the prime factors of 77778070.
2, 5, 31, 37, 6781
List the prime factors of 73820555.
5, 14764111
What are the prime factors of 4501006?
2, 2250503
What are the prime factors of 3757231829?
13, 17, 67, 131, 149
List the prime factors of 356104093.
1471, 242083
List the prime factors of 603579393.
3, 31, 137, 15791
What are the prime factors of 68679326?
2, 37, 928099
What are the prime factors of 3464720843?
28547, 121369
What are the prime factors of 96874073?
96874073
What are the prime factors of 67582561?
5521, 12241
List the prime factors of 382797793.
7, 97, 199, 2833
List the prime factors of 322093441.
17, 31, 139, 4397
List the prime factors of 50345160.
2, 3, 5, 17, 23, 29, 37
List the prime factors of 748849489.
19, 83, 474857
What are the prime factors of 2400618439?
1579, 1520341
List the prime factors of 5897387147.
2273, 2594539
What are the prime factors of 1184454901?
7, 227, 106487
What are the prime factors of 8104381?
8104381
What are the prime factors of 4895381810?
2, 5, 11, 89, 673, 743
What are the prime factors of 378384507?
3, 14014241
What are the prime factors of 1115835964?
2, 12907, 21613
What are the prime factors of 4827464?
2, 37, 47, 347
List the prime factors of 222457170.
2, 3, 5, 13, 570403
List the prime factors of 17710299.
3, 19, 23, 79
What are the prime factors of 1680774481?
1680774481
What are the prime factors of 194148574?
2, 19, 5109173
List the prime factors of 1848661550.
2, 5, 29, 1274939
List the prime factors of 484023823.
373, 1297651
What are the prime factors of 11195995?
5, 541, 4139
What are the prime factors of 271073029?
443, 611903
List the prime factors of 142317187.
31, 4590877
List the prime factors of 15281550.
2, 3, 5, 29, 1171
What are the prime factors of 962767010?
2, 5, 37, 2602073
What are the prime factors of 166198648?
2, 7, 11, 61, 4423
What are the prime factors of 261602768?
2, 7, 191, 1747
What are the prime factors of 242841312?
2, 3, 7, 163, 739
What are the prime factors of 574721?
7, 37, 317
List the prime factors of 5165924057.
7, 737989151
List the prime factors of 1274236018.
2, 11, 23, 181, 13913
List the prime factors of 2194203316.
2, 10321, 53149
List the prime factors of 193231186.
2, 71, 1360783
What are the prime factors of 118900471?
6133, 19387
List the prime factors of 95158245.
3, 5, 7, 13, 23, 433
What are the prime factors of 6800255372?
2, 1700063843
What are the prime factors of 783453265?
5, 7, 22384379
List the prime factors of 112668422.
2, 29, 353, 5503
List the prime factors of 1284991884.
2, 3, 11, 701, 1543
What are the prime factors of 6213435?
3, 5, 467, 887
What are the prime factors of 54289091?
31, 43, 139, 293
What are the prime factors of 504400828?
2, 19, 29, 131, 1747
List the prime factors of 1008978017.
113, 8929009
What are the prime factors of 6124656?
2, 3, 127597
List the prime factors of 46004603.
46004603
List the prime factors of 193573602.
2, 3, 137, 78497
List the prime factors of 136540554.
2, 3, 31, 521, 1409
What are the prime factors of 62139462?
2, 3, 7, 11, 19, 7079
List the prime factors of 148945296.
2, 3, 17, 167, 1093
What are the prime factors of 684819322?
2, 11, 31128151
List the prime factors of 165948644.
2, 41487161
What are the prime factors of 523868343?
3, 139, 1256279
What are the prime factors of 183807301?
183807301
List the prime factors of 281905618.
2, 23, 383, 16001
List the prime factors of 418698636.
2, 3, 29, 641, 1877
What are the prime factors of 69246848?
2, 11, 17, 263
List the prime factors of 638014611.
3, 13, 113, 144773
What are the prime factors of 66729977?
66729977
List the prime factors of 257632346.
2, 29, 223, 19919
What are the prime factors of 31349821?
31349821
What are the prime factors of 261814540?
2, 5, 13, 1006979
What are the prime factors of 55373094?
2, 3, 7, 653, 673
What are the prime factors of 6100964260?
2, 5, 305048213
List the prime factors of 43138890.
2, 3, 5, 43, 71, 157
What are the prime factors of 91984233?
3, 11, 67, 41603
What are the prime factors of 466017957?
3, 17, 3045869
What are the prime factors of 5355475?
5, 214219
What are the prime factors of 332162726?
2, 7, 97, 244597
What are the prime factors of 3047527264?
2, 95235227
What are the prime factors of 5497768399?
8179, 672181
List the prime factors of 49955486.
2, 7, 17, 431, 487
List the prime factors of 4052678517.
3, 450297613
List the prime factors of 54722870.
2, 5, 103, 53129
List the prime factors of 128713292.
2, 32178323
What are the prime factors of 824465126?
2, 412232563
What are the prime factors of 1514878738?
2, 17, 563, 79139
What are the prime factors of 1591323713?
7, 31, 37, 198197
List the prime factors of 7421370977.
67, 463, 239237
List the prime factors of 690706646.
2, 7, 1006861
List the prime factors of 1113985.
5, 31, 7187
List the prime factors of 143559243.
3, 1051, 5059
What are the prime factors of 143447684?
2, 41, 874681
What are the prime factors of 87527153?
7, 12503879
List the prime factors of 502629915.
3, 5, 33508661
List the prime factors of 2301389201.
2301389201
List the prime factors of 139484571.
3, 83, 560179
What are the prime factors of 693964247?
131, 577, 9181
What are the prime factors of 112884748?
2, 349, 80863
What are the prime factors of 46012673?
7, 23, 227, 1259
What are the prime factors of 74826472?
2, 7, 1336187
What are the prime factors of 25791377?
307, 84011
What are the prime factors of 5303299669?
5303299669
What are the prime factors of 16151795?
5, 11, 37, 7937
List the prime factors of 2339709976.
2, 292463747
List the prime factors of 1156647412.
2, 673, 429661
List the prime factors of 41968312.
2, 2207, 2377
List the prime factors of 190232814.
2, 3, 31705469
What are the prime factors of 6811073?
6811073
What are the prime factors of 4647969993?
3, 28001, 55331
What are the prime factors of 306974926?
2, 10667, 14389
List the prime factors of 91100931.
3, 30366977
What are the prime factors of 123384408?
2, 3, 7, 734431
What are the prime factors of 853820855?
5, 170764171
What are the prime factors of 972840564?
2, 3, 9007783
What are the prime factors of 93802731?
3, 11, 167, 17021
List the prime factors of 21363164.
2, 1433, 3727
What are the prime factors of 665748376?
2, 83218547
List the prime factors of 1331646482.
2, 17, 443, 88411
List the prime factors of 586347189.
3, 61, 127, 25229
List the prime factors of 31729470.
2, 3, 5, 719, 1471
What are the prime factors of 939129?
3, 229, 1367
What are the prime factors of 2491680359?
7, 61, 809, 7213
List the prime factors of 807765949.
807765949
List the prime factors of 1808312974.
2, 13, 2963, 23473
List the prime factors of 153497022.
2, 3, 7, 1171, 3121
What are the prime factors of 61474021?
7, 233, 37691
What are the prime factors of 112781020?
2, 5, 11, 512641
List the prime factors of 59652076.
2, 11, 347, 3907
What are the prime factors of 3352489063?
7, 11, 17, 241, 10627
What are the prime factors of 552010419?
3, 23, 2666717
List the prime factors of 47837523.
3, 137, 239, 487
List the prime factors of 578860610.
2, 5, 2437, 23753
What are the prime factors of 428919147?
3, 193, 246931
List the prime factors of 1306411033.
1306411033
List the prime factors of 400710347.
23, 17422189
What are the prime factors of 125065552?
2, 7816597
What are the prime factors of 189924671?
7219, 26309
List the prime factors of 171658538.
2, 85829269
What are the prime factor